ose -6*v - 8 = -2*v. Is v/(-6) - 8076/(-18) a composite number?
False
Let x = 29 + -20. Let l(o) = 2*o**3 + 0*o**3 - o**3 + 6*o**2 - 1 - x*o. Is l(-7) composite?
False
Let x = 43 - 22. Is x a prime number?
False
Let d = 571 - 380. Is d a prime number?
True
Is ((-148)/(-8))/(1/22) composite?
True
Let b(o) be the third derivative of -o**5/60 - o**4/8 + o**3/2 + 3*o**2. Let n be b(2). Let l(u) = -7*u + 10. Is l(n) composite?
False
Let u be ((-10)/(-4))/5*0. Let o(w) be the first derivative of -w**3/3 - w**2/2 + 37*w + 1. Is o(u) a composite number?
False
Suppose -1 = -f + 2. Suppose -305 - 496 = -f*r. Is r a prime number?
False
Let x be 28/35*(-5)/(-2). Is (x - 180)/(-1) + 3 composite?
False
Suppose -7*s + 1457 = -2722. Is s a prime number?
False
Let q(w) = -w**3 + 5*w**2 - 7*w + 6. Let l be q(4). Let k = 10 + l. Suppose p + k*b - 45 - 56 = 0, 5*p + 3*b = 454. Is p prime?
True
Let n(y) = 1. Let i(l) = 2*l - 3. Let w(f) = -i(f) - 4*n(f). Is w(-4) a prime number?
True
Let s = -22 - -23. Is (3 - 3 - s)*-1603 a composite number?
True
Let a(r) = r + 5 + 2*r + 3*r. Let z be a(8). Let l = z + -34. Is l a composite number?
False
Suppose -3*z = 2*z - 2*d - 15, 5*z - 15 = 5*d. Suppose 5*y + 0*y = 20, j = y + 31. Suppose z*s - 2*s = j. Is s a prime number?
False
Suppose 2*p - 920 = -282. Is p prime?
False
Suppose -2*z = -268 - 634. Is z prime?
False
Let u = -430 - -707. Is u prime?
True
Suppose -16*v + 2251 = -15*v. Is v a composite number?
False
Let l(y) = y**3 + 7*y - 11. Is l(8) a prime number?
True
Let h(q) = -q + 9. Let w be h(4). Suppose j = -w*z - 0*j + 20, z + 22 = 5*j. Suppose -z*t + 10 = -101. Is t a composite number?
False
Suppose -16*y = -19*y. Suppose y = 4*v - 586 + 246. Is v prime?
False
Suppose -3*g + 35 = -4*t, -5*g + 16 = -4*t - 29. Suppose 0 = 4*h - 9*h - 2*c + 811, 0 = g*c + 10. Is h prime?
True
Suppose 19 + 89 = -2*x. Is 2 + (2 - x) + 1 a composite number?
False
Let b(k) be the third derivative of k**5/15 - 7*k**3/6 - 6*k**2. Is b(5) a composite number?
True
Suppose 0*g + 15 = 2*i - 3*g, 0 = 5*i - 4*g - 55. Is i a composite number?
True
Let m = -20 - -99. Is m composite?
False
Let f(q) = 3*q**2 + 4*q - 5. Suppose 4*h + 16 = -0*v - v, 2*v - 3*h = 12. Let i = -6 + v. Is f(i) a composite number?
False
Let v(n) = -n**3 - 14*n**2 + 22*n - 2. Is v(-18) a prime number?
False
Let c = 5 + -3. Is ((-213)/9)/(c/(-6)) a prime number?
True
Let o(i) = i**3 - 2*i**2 - 2*i + 3. Let x be o(2). Let c be (x/(-2))/(1/(-4)). Let y = 13 + c. Is y prime?
True
Let m = 475 - 184. Is m a prime number?
False
Suppose n + 218 - 906 = 3*x, 3*x = -3*n + 2004. Is n a prime number?
True
Let m(v) = v**3 + 8*v**2 - 13*v - 4. Let s be m(-9). Suppose 2*j = 5*h + 72, -3*j + s = -j + 5*h. Is j prime?
False
Let i(b) = -b + 9. Let r be i(8). Let d(l) be the second derivative of 19*l**4/6 - l**2/2 - 12*l. Is d(r) a prime number?
True
Let q = -18 + 41. Suppose 2*y - 121 = -q. Is y composite?
True
Let g(w) = w**3 - 3*w**2 + w + 2. Is g(4) a prime number?
False
Is (678 - (-1 - -1)) + (-1 - -2) prime?
False
Let h(z) = z + 4. Let l be h(0). Let k be l/2 + -3 - -2. Is (k - 0) + (-30)/(-5) a prime number?
True
Let i = 1218 - 767. Is i a composite number?
True
Suppose 5 = 3*z + 5*n, -n - 3*n + 4 = z. Suppose -107 = -3*g - 4*m + 2*m, 5*g + 5*m - 175 = z. Is g prime?
True
Let n(j) = 23*j - 3. Let y be (4/(-2))/((-3)/6). Is n(y) composite?
False
Is 23/(87/(-329) - 18/(-63)) a prime number?
False
Suppose -4*w + 2 + 22 = 0. Is w*(-508)/(-8) - 2 composite?
False
Suppose -3*b + 7 = -5. Let d(g) = 32*g - 5 + 19*g + 3*g. Is d(b) composite?
False
Let g be 7*(-1)/((-7)/6). Suppose -g*j + 139 + 47 = 0. Is j a prime number?
True
Let r be (1/2)/(-1)*6. Let v = 6 + r. Suppose 3*q = s + 23 - 67, v*q = -4*s + 131. Is s composite?
True
Suppose 3*s = 2*i - 9, -6 = 4*s - i + 6. Is 3/(9/2148) - s composite?
False
Let q = 153 - 68. Suppose 5*i - w = 2*w - q, 4*i + w + 68 = 0. Let u = 24 + i. Is u prime?
True
Suppose -2*l - x + 967 = -1115, -4 = x. Is l a prime number?
False
Let x(k) = 18*k**2 - k - 1. Let u = -2 - -4. Is x(u) composite?
True
Let i be (1 - 2)/(3 - 2). Let g be 4/i*(-6)/8. Suppose -g*q + 0*q + 7 = f, -2*f = 4*q - 16. Is f a composite number?
True
Let y = 13 + -11. Suppose -3*p = -u + 202, -431 = -y*u - 2*p - 3. Is u composite?
False
Let o(q) = -2*q**3 + 5*q**2 + 4*q + 7. Is o(-4) composite?
False
Suppose -2*p + 2 = -4*p. Is 1092/(-24)*(-1 + p) a prime number?
False
Let j = 4 + 865. Is j prime?
False
Suppose 2*w + 14 - 120 = 0. Is w composite?
False
Let l(x) = -x**3 - 2*x**2 - 4*x - 5. Let u be l(-2). Suppose 5*s + t = u*s + 519, 5*t - 523 = -2*s. Is s a composite number?
True
Let q be (-1)/(-2 + 27/15). Let u(i) = i**3 - 5*i**2 + 2*i - 6. Let r be u(q). Suppose -r*v + 33 - 5 = 0. Is v a composite number?
False
Let i(x) = -2*x**3 - 4*x**2 - 8*x + 11. Is i(-6) a prime number?
True
Let z = -7 + 11. Suppose -3*y - a = 4*a - 20, -y = z*a + 5. Is y a composite number?
True
Suppose 2*s - 305 = -3*n, -s - n = 3*n - 145. Is s composite?
False
Let h(k) = k**2 + k - 5. Let i be h(0). Let v(d) = d**3 - 6*d**2 - 8*d + 8. Let o be v(7). Is o/i - 552/(-10) a prime number?
False
Suppose 3*f - m + 181 = -259, f + 164 = -4*m. Let a = f + 297. Is a composite?
False
Suppose 0 = -7*j + 10*j - 6297. Is j a prime number?
True
Suppose 4*q - 5*l + 654 = -3*l, l = 3*q + 488. Suppose 92 = -b + 330. Let y = b + q. Is y prime?
False
Let z(f) = 79*f + 7. Is z(4) a composite number?
True
Let f(k) = -k**3 - 32*k**2 - 45*k - 61. Is f(-31) a prime number?
True
Suppose -3*k = -k. Suppose x + 2*i - 22 = k, 4*x - 63 = -2*i + 49. Let q = x - 16. Is q prime?
False
Let a(j) = 114*j**2 + 1. Is a(1) a prime number?
False
Suppose -h + 172 = 3*h. Suppose 0 = -2*j + 2*m + 3*m + 125, j + 4*m = h. Is j composite?
True
Let x(f) = -f**2 - 5*f - 6. Let h be x(-5). Is 120 + -1*h/2 a composite number?
True
Let k(z) = -2 + 1 + 4 + 2*z. Let f be k(-4). Let c(b) = 4*b**2 - 4*b + 7. Is c(f) a prime number?
True
Let g be (2 - -10)*(-2)/(-6). Let w be (g/(-6))/((-4)/252). Let c = 75 - w. Is c a prime number?
False
Suppose -49*c + 56*c - 5061 = 0. Is c prime?
False
Let h(v) = v**2 - 5*v - 11. Is h(13) composite?
True
Let x = -14 - -17. Suppose 0 = -5*v + j + 82, -5*v + 47 = -3*j - 29. Suppose -r = 3*m - 6 - 61, m = -x*r + v. Is m a composite number?
False
Suppose -3729 + 1076 = -7*l. Is l a composite number?
False
Let j(b) = b**3 - 6*b**2 - 7*b + 4. Suppose -5*g - 10 + 45 = 0. Let c be j(g). Is 46/(-4)*c/(-2) a composite number?
False
Let q(v) be the first derivative of -v**3/3 + 7*v**2 - 6*v + 5. Is q(7) prime?
True
Let o(g) = -8 + 7*g + 1 - 23*g. Let w be o(5). Is ((-2)/3)/(1/w) a prime number?
False
Suppose 2*u - 1327 = 483. Is u a composite number?
True
Let n = -15 + 15. Suppose 4*q + 2*y = -3*y + 172, 0 = -4*y + 16. Suppose n = -4*w + 6*w - q. Is w prime?
True
Let b = -222 + 424. Is b a composite number?
True
Suppose -4*m - 12 = -2*x - 3*x, 0 = -m + 4*x - 14. Suppose 152 = m*s - 4*z, s - 111 = -0*s - 5*z. Is s prime?
False
Let q = 2 - 0. Suppose -3*r = 4*g + 10, -2*g = -q*r - 0*r + 12. Suppose -3*v = r*m - m - 93, -5*v = -3*m - 155. Is v composite?
False
Suppose 3*y + 4*v - 337 = 0, y - 3*v - 219 = -y. Is y a composite number?
True
Suppose -27 = g + 5*q, -3*q + 6*q = -4*g - 57. Let f be g/(-8)*8/(-3). Is (190/15)/(f/(-6)) composite?
False
Let l be (-2)/5 + 12/5. Suppose 0 = n - 4*n + 21. Suppose l*m - 13 = n. Is m a prime number?
False
Let u(l) = -2*l**2 + 3*l - 1. Let h be u(2). Let f be 3/3 + h/(-1). Suppose 0 = g, 6 - 90 = -4*m + f*g. Is m a prime number?
False
Let x(m) = m**3 + 12*m**2 - 10*m - 10. Is x(-11) composite?
True
Let m(k) = 60*k - 1. Is m(1) composite?
False
Suppose -96 = 4*b + 36. Let x(g) = -54*g**2 + g - 1. Let y be x(1). Let m = b - y. Is m a composite number?
True
Suppose 0 = -2*n - 6, h + h = -2*n + 1420. Is h a composite number?
True
Let q(s) = s - 1. Let u be q(3). Suppose 0 = -3*h, 0*p - 5*p + 1025 = -u*h. Is p a prime number?
False
Let w(p) = 4*p + 5. Let a(x) = -1 - 2*x + 3 + 3*x. Let k(z) = -7*a(z) + 2*w(z). Is k(7) prime?
True
Let f(s) = -s**3 + 5*s**2 + 4. Let a = -1 + 6. Let d be f(a). Suppose d*b - w = 309, -5*b = 3*w - 137 - 245. Is b a composite number?
True
Let n(b) = -4*b**2 + 2*b + 8. Let o(u) = 4*u**2 - 